{"id":405916,"date":"2025-01-15T17:02:15","date_gmt":"2025-01-15T15:02:15","guid":{"rendered":"https:\/\/lpfestival.onpressidium.com\/fr\/?post_type=speaker&#038;p=405916"},"modified":"2025-12-17T14:20:24","modified_gmt":"2025-12-17T12:20:24","slug":"emmanuelle-ibara","status":"publish","type":"speaker","link":"https:\/\/www.learning-planet.org\/fr\/speaker\/emmanuelle-ibara\/","title":{"rendered":"Emmanuelle Ibara"},"content":{"rendered":"<p>Emmanuelle est designer graphique, entrepreuneuse et pr\u00e9sidente de l&#8217;association eutopique. Form\u00e9e au Design Thinking et \u00e0 l&#8217;intelligence collective elle co-con\u00e7oit et accompagne les parcours ethn&#8217;kids avec  engagement sur les divers Objectifs de D\u00e9veloppement Durable.<\/p>","protected":false},"featured_media":405915,"template":"","event-label":[166],"edition":[3837],"class_list":["post-405916","speaker","type-speaker","status-publish","has-post-thumbnail","hentry","event-label-festival-de-lapprendre","edition-3837"],"aioseo_notices":[],"_links":{"self":[{"href":"https:\/\/www.learning-planet.org\/fr\/wp-json\/wp\/v2\/speaker\/405916","targetHints":{"allow":["GET"]}}],"collection":[{"href":"https:\/\/www.learning-planet.org\/fr\/wp-json\/wp\/v2\/speaker"}],"about":[{"href":"https:\/\/www.learning-planet.org\/fr\/wp-json\/wp\/v2\/types\/speaker"}],"wp:featuredmedia":[{"embeddable":true,"href":"https:\/\/www.learning-planet.org\/fr\/wp-json\/wp\/v2\/media\/405915"}],"wp:attachment":[{"href":"https:\/\/www.learning-planet.org\/fr\/wp-json\/wp\/v2\/media?parent=405916"}],"wp:term":[{"taxonomy":"event-label","embeddable":true,"href":"https:\/\/www.learning-planet.org\/fr\/wp-json\/wp\/v2\/event-label?post=405916"},{"taxonomy":"edition","embeddable":true,"href":"https:\/\/www.learning-planet.org\/fr\/wp-json\/wp\/v2\/edition?post=405916"}],"curies":[{"name":"wp","href":"https:\/\/api.w.org\/{rel}","templated":true}]}}

<p>Emmanuelle est designer graphique, entrepreuneuse et présidente de l&#8217;association eutopique. Formée au Design Thinking et à l&#8217;intelligence collective elle co-conçoit et accompagne les parcours ethn&#8217;kids avec  engagement sur les divers Objectifs de Développement Durable.</p>
